{"id":447,"date":"2023-03-12T10:27:35","date_gmt":"2023-03-12T13:27:35","guid":{"rendered":"https:\/\/triplexvermelho.praxis.pro.br\/?page_id=447"},"modified":"2023-03-12T10:50:35","modified_gmt":"2023-03-12T13:50:35","slug":"sala-professor-jose-aguilar","status":"publish","type":"page","link":"https:\/\/triplexvermelho.praxis.pro.br\/index.php\/sala-professor-jose-aguilar\/","title":{"rendered":"Sala &#8220;Professor Jos\u00e9 Aguilar&#8221;"},"content":{"rendered":"<div id=\"attachment_448\" style=\"width: 289px\" class=\"wp-caption aligncenter\"><img loading=\"lazy\" decoding=\"async\" aria-describedby=\"caption-attachment-448\" class=\"wp-image-448\" src=\"https:\/\/triplexvermelho.praxis.pro.br\/wp-content\/uploads\/2023\/03\/4d680d86-f65d-4b86-8392-8298eab6c4b8-300x259.jpeg\" alt=\"\" width=\"279\" height=\"241\" srcset=\"https:\/\/triplexvermelho.praxis.pro.br\/wp-content\/uploads\/2023\/03\/4d680d86-f65d-4b86-8392-8298eab6c4b8-300x259.jpeg 300w, https:\/\/triplexvermelho.praxis.pro.br\/wp-content\/uploads\/2023\/03\/4d680d86-f65d-4b86-8392-8298eab6c4b8-768x664.jpeg 768w, https:\/\/triplexvermelho.praxis.pro.br\/wp-content\/uploads\/2023\/03\/4d680d86-f65d-4b86-8392-8298eab6c4b8.jpeg 829w\" sizes=\"auto, (max-width: 279px) 100vw, 279px\" \/><p id=\"caption-attachment-448\" class=\"wp-caption-text\">Professor Jos\u00e9 Aguilar<\/p><\/div>\n<p>Jos\u00e9 Aguilar Dalvi (Concei\u00e7\u00e3o de Castelo, 17 de setembro de 1943 \u2013 Vit\u00f3ria, 11 de janeiro de 2019), como muitas das crian\u00e7as de sua regi\u00e3o de imigra\u00e7\u00e3o italiana, cursou o prim\u00e1rio e o gin\u00e1sio no Instituto Salesiano de Anchieta, em Jacigu\u00e1, Cachoeiro de Itapemirim-ES. Depois, concluiu o cl\u00e1ssico, passando por tr\u00eas col\u00e9gios em Minas Gerais (Instituto Benjamin F. Guimar\u00e3es, Instituto Tenente Ferreira, em Barbacena; e Col\u00e9gio S\u00e3o Jo\u00e3o, de S\u00e3o Jo\u00e3o Del\u2019Rey). Neste \u00faltimo, foi seminarista e passou a estudar Filosofia.<br \/>\nAinda em S\u00e3o Jo\u00e3o Del\u2019Rey, concluiu o curso de Pedagogia, na Faculdade Dom Bosco. Na sequ\u00eancia, foi para S\u00e3o Paulo estudar Teologia, com dedica\u00e7\u00e3o integral (1970) e em Belo Horizonte (1971). Mudando seu rumo, fez habilita\u00e7\u00e3o em Orienta\u00e7\u00e3o Educacional na UFES, onde tamb\u00e9m cursou o mestrado em Pol\u00edtica e Educa\u00e7\u00e3o Escolar, concluindo em 1994.<br \/>\nSua atividade profissional, como professor, come\u00e7ou no n\u00edvel ginasial, no Col\u00e9gio S\u00e3o Jo\u00e3o Del\u2019Rey, em 1967. Depois, passou pelo Instituto Salesiano, em Jacigu\u00e1 (1968 e 1969) e chegou \u00e0 Faculdade de Filosofia Madre Gertrudes de S\u00e3o Jos\u00e9 (1972 a 1975), at\u00e9 estender-se \u00e0 UFES. Tamb\u00e9m exerceu a orienta\u00e7\u00e3o educacional em v\u00e1rias escolas, p\u00fablicas e privadas, e foi membro da Comiss\u00e3o de Encargos Educacionais e do Conselho Estadual de Educa\u00e7\u00e3o, representando a UFES (em 1988 e 1989).<br \/>\nDalvi participou de diversos semin\u00e1rios, cursos e congressos, principalmente na sua \u00e1rea de orienta\u00e7\u00e3o educacional. A elei\u00e7\u00e3o para a presid\u00eancia da UPES aproximou-o mais ainda da pol\u00edtica do magist\u00e9rio e passou a frequentar assidua ativamente os congressos da Confedera\u00e7\u00e3o dos Professores do Brasil (1983, 1984, 1986, 1987).<br \/>\nFoi candidato a deputado estadual pelo Partido dos Trabalhadores, embora n\u00e3o tenha conseguido se eleger, mas suas duas gest\u00f5es a frente da UPES caracterizaram-se pelos confrontos tensos contra os governos do PMDB, quando dirigiu sucessivas greves. Enquanto alguns ressaltavam que a entidade havia consolidado sua autonomia em rela\u00e7\u00e3o aos governos, outros a acusavam de partidarizar-se. Como resposta, Dalvi defendia o direito de todo professor filiar-se a um partido pol\u00edtico, mas resguardando a sua entidade da partidariza\u00e7\u00e3o do seu movimento de classe. O que n\u00e3o significava que se obstivesse de praticar uma pol\u00edtica educacional cr\u00edtica, transformadora e em defesa da valoriza\u00e7\u00e3o dos professores.<\/p>\n","protected":false},"excerpt":{"rendered":"<p>Jos\u00e9 Aguilar Dalvi (Concei\u00e7\u00e3o de Castelo, 17 de setembro de 1943 \u2013 Vit\u00f3ria, 11 de janeiro de 2019), como muitas das crian\u00e7as de sua regi\u00e3o de imigra\u00e7\u00e3o italiana, cursou o prim\u00e1rio e o gin\u00e1sio no Instituto Salesiano de Anchieta, em Jacigu\u00e1, Cachoeiro de Itapemirim-ES. Depois, concluiu o cl\u00e1ssico, passando por tr\u00eas col\u00e9gios em Minas Gerais <a class=\"more-link\" href=\"https:\/\/triplexvermelho.praxis.pro.br\/index.php\/sala-professor-jose-aguilar\/\">Leia mais&#8230; &raquo;<\/a><\/p>\n","protected":false},"author":1,"featured_media":0,"parent":0,"menu_order":0,"comment_status":"closed","ping_status":"closed","template":"","meta":{"footnotes":""},"class_list":["post-447","page","type-page","status-publish","hentry"],"_links":{"self":[{"href":"https:\/\/triplexvermelho.praxis.pro.br\/index.php\/wp-json\/wp\/v2\/pages\/447","targetHints":{"allow":["GET"]}}],"collection":[{"href":"https:\/\/triplexvermelho.praxis.pro.br\/index.php\/wp-json\/wp\/v2\/pages"}],"about":[{"href":"https:\/\/triplexvermelho.praxis.pro.br\/index.php\/wp-json\/wp\/v2\/types\/page"}],"author":[{"embeddable":true,"href":"https:\/\/triplexvermelho.praxis.pro.br\/index.php\/wp-json\/wp\/v2\/users\/1"}],"replies":[{"embeddable":true,"href":"https:\/\/triplexvermelho.praxis.pro.br\/index.php\/wp-json\/wp\/v2\/comments?post=447"}],"version-history":[{"count":3,"href":"https:\/\/triplexvermelho.praxis.pro.br\/index.php\/wp-json\/wp\/v2\/pages\/447\/revisions"}],"predecessor-version":[{"id":472,"href":"https:\/\/triplexvermelho.praxis.pro.br\/index.php\/wp-json\/wp\/v2\/pages\/447\/revisions\/472"}],"wp:attachment":[{"href":"https:\/\/triplexvermelho.praxis.pro.br\/index.php\/wp-json\/wp\/v2\/media?parent=447"}],"curies":[{"name":"wp","href":"https:\/\/api.w.org\/{rel}","templated":true}]}}

Sala &#8220;Professor José Aguilar&#8221;

<div id="attachment_448" style="width: 289px" class="wp-caption aligncenter"><img loading="lazy" decoding="async" aria-describedby="caption-attachment-448" class="wp-image-448" src="https://triplexvermelho.praxis.pro.br/wp-content/uploads/2023/03/4d680d86-f65d-4b86-8392-8298eab6c4b8-300x259.jpeg" alt="" width="279" height="241" srcset="https://triplexvermelho.praxis.pro.br/wp-content/uploads/2023/03/4d680d86-f65d-4b86-8392-8298eab6c4b8-300x259.jpeg 300w, https://triplexvermelho.praxis.pro.br/wp-content/uploads/2023/03/4d680d86-f65d-4b86-8392-8298eab6c4b8-768x664.jpeg 768w, https://triplexvermelho.praxis.pro.br/wp-content/uploads/2023/03/4d680d86-f65d-4b86-8392-8298eab6c4b8.jpeg 829w" sizes="auto, (max-width: 279px) 100vw, 279px" /><p id="caption-attachment-448" class="wp-caption-text">Professor José Aguilar</p></div>
<p>José Aguilar Dalvi (Conceição de Castelo, 17 de setembro de 1943 – Vitória, 11 de janeiro de 2019), como muitas das crianças de sua região de imigração italiana, cursou o primário e o ginásio no Instituto Salesiano de Anchieta, em Jaciguá, Cachoeiro de Itapemirim-ES. Depois, concluiu o clássico, passando por três colégios em Minas Gerais (Instituto Benjamin F. Guimarães, Instituto Tenente Ferreira, em Barbacena; e Colégio São João, de São João Del’Rey). Neste último, foi seminarista e passou a estudar Filosofia.<br />
Ainda em São João Del’Rey, concluiu o curso de Pedagogia, na Faculdade Dom Bosco. Na sequência, foi para São Paulo estudar Teologia, com dedicação integral (1970) e em Belo Horizonte (1971). Mudando seu rumo, fez habilitação em Orientação Educacional na UFES, onde também cursou o mestrado em Política e Educação Escolar, concluindo em 1994.<br />
Sua atividade profissional, como professor, começou no nível ginasial, no Colégio São João Del’Rey, em 1967. Depois, passou pelo Instituto Salesiano, em Jaciguá (1968 e 1969) e chegou à Faculdade de Filosofia Madre Gertrudes de São José (1972 a 1975), até estender-se à UFES. Também exerceu a orientação educacional em várias escolas, públicas e privadas, e foi membro da Comissão de Encargos Educacionais e do Conselho Estadual de Educação, representando a UFES (em 1988 e 1989).<br />
Dalvi participou de diversos seminários, cursos e congressos, principalmente na sua área de orientação educacional. A eleição para a presidência da UPES aproximou-o mais ainda da política do magistério e passou a frequentar assidua ativamente os congressos da Confederação dos Professores do Brasil (1983, 1984, 1986, 1987).<br />
Foi candidato a deputado estadual pelo Partido dos Trabalhadores, embora não tenha conseguido se eleger, mas suas duas gestões a frente da UPES caracterizaram-se pelos confrontos tensos contra os governos do PMDB, quando dirigiu sucessivas greves. Enquanto alguns ressaltavam que a entidade havia consolidado sua autonomia em relação aos governos, outros a acusavam de partidarizar-se. Como resposta, Dalvi defendia o direito de todo professor filiar-se a um partido político, mas resguardando a sua entidade da partidarização do seu movimento de classe. O que não significava que se obstivesse de praticar uma política educacional crítica, transformadora e em defesa da valorização dos professores.</p>

<p>José Aguilar Dalvi (Conceição de Castelo, 17 de setembro de 1943 – Vitória, 11 de janeiro de 2019), como muitas das crianças de sua região de imigração italiana, cursou o primário e o ginásio no Instituto Salesiano de Anchieta, em Jaciguá, Cachoeiro de Itapemirim-ES. Depois, concluiu o clássico, passando por três colégios em Minas Gerais <a class="more-link" href="https://triplexvermelho.praxis.pro.br/index.php/sala-professor-jose-aguilar/">Leia mais&#8230; &raquo;</a></p>
