{"id":427,"date":"2023-03-11T22:30:30","date_gmt":"2023-03-12T01:30:30","guid":{"rendered":"https:\/\/triplexvermelho.praxis.pro.br\/?page_id=427"},"modified":"2023-03-11T22:30:30","modified_gmt":"2023-03-12T01:30:30","slug":"sala-zelia-stein","status":"publish","type":"page","link":"https:\/\/triplexvermelho.praxis.pro.br\/index.php\/sala-zelia-stein\/","title":{"rendered":"Sala &#8220;Z\u00e9lia Stein&#8221;"},"content":{"rendered":"<p>Marluza Z\u00e9lia Stein (Domingos Martins, 1945 \u2013 Montevid\u00e9u, 2015) se foi. Uma mulher que viveu intensamente as alegrias, as tristezas e angustias e uma esperan\u00e7a obstinada de encontrar a paz e ser feliz. Z\u00e9lia Stein viveu e buscou encontrar um lugar no mundo. Foi assim a vida inteira desde que a conheci estudante, na reda\u00e7\u00e3o da Folha Capixaba, escrevendo poemas na Coluna dos Novos, havia angustia e esperan\u00e7as nos seus escritos. Ela era uma pessoa que podia ser vista de corpo e alma.<\/p>\n<p>Uma militante ferrenha, que inspirava nas pessoas dois sentimentos. O primeiro, um impacto causado pela fragilidade f\u00edsica, pela beleza e pela singeleza. O segundo era a convic\u00e7\u00e3o de que aquela mulher tinha uma for\u00e7a espiritual de milit\u00e2ncia extraordin\u00e1ria. Talvez isto tenha sido o motivo de tantas hist\u00f3rias e lendas por onde passava.<\/p>\n<p>Z\u00e9lia Stein foi perseguida, teve de se esconder e sair do Brasil, indo para o Uruguai com seu companheiro com que teve uma filha. Essa filha, com quem quase n\u00e3o conviveu, faleceu recentemente no Rio de Janeiro. Z\u00e9lia deixaria o Uruguai e iria para o M\u00e9xico, onde trabalharia com outros brasileiros refugiados, perseguidos pol\u00edticos como ela.<\/p>\n<p>Depois retornaria ao Brasil, mas precisamente Para\u00edba, onde lecionaria na Universidade Federal da Para\u00edba (UFP), juntamente com seu novo companheiro, Daniel, com quem teve um filho, Andr\u00e9, que \u00e9 cineasta como o pai.<\/p>\n<p>Retornaria ao Uruguai e depois, de novo, buscaria acolhida no Brasil, trabalhando na prefeitura de Vit\u00f3ria, com os Mauro. Depois da passagem pelo Esp\u00edrito Santo, Z\u00e9lia seguiria para Bras\u00edlia, onde passaria a trabalhar com o deputado Rosinha, do PT do Paran\u00e1. Ali, lidava com as quest\u00f5es do Mercosul.<\/p>\n<p>Neste tempo d\u00e1 in\u00edcio ao Requerimento de Repara\u00e7\u00e3o da Anistia. Assim que foi deferido e teve in\u00edcio a repara\u00e7\u00e3o, Z\u00e9lia decide retornar para o Uruguai, juntamente com seu companheiro Daniel e seu filho Andr\u00e9. Ela dizia: \u201cSou brasileira e capixaba de cora\u00e7\u00e3o e de nascimento, mas grande parte da minha vida foi no Uruguai, at\u00e9 meus sonhos s\u00e3o em espanhol. Acho que meu \u00faltimo ano de vida ser\u00e1 mesmo no Uruguai\u201d.<\/p>\n<p>O sonho de Z\u00e9lia Stein se realizou. Ela faleceu aos 13\/10\/2015 em Montevideu, Uruguai, junto ao seu filho Andr\u00e9 e seu companheiro. Ela n\u00e3o est\u00e1 mais em vida entre n\u00f3s, mas a sua vida est\u00e1 presente carregada daquela alegria diferente, daquela maneira sublime de ser Z\u00e9lia Stein.<\/p>\n<p>Z\u00e9lia Stein, presente! \u2013 Depoimento de Perly Cipriano.<\/p>\n","protected":false},"excerpt":{"rendered":"<p>Marluza Z\u00e9lia Stein (Domingos Martins, 1945 \u2013 Montevid\u00e9u, 2015) se foi. Uma mulher que viveu intensamente as alegrias, as tristezas e angustias e uma esperan\u00e7a obstinada de encontrar a paz e ser feliz. Z\u00e9lia Stein viveu e buscou encontrar um lugar no mundo. Foi assim a vida inteira desde que a conheci estudante, na reda\u00e7\u00e3o <a class=\"more-link\" href=\"https:\/\/triplexvermelho.praxis.pro.br\/index.php\/sala-zelia-stein\/\">Leia mais&#8230; &raquo;<\/a><\/p>\n","protected":false},"author":1,"featured_media":0,"parent":0,"menu_order":0,"comment_status":"closed","ping_status":"closed","template":"","meta":{"footnotes":""},"class_list":["post-427","page","type-page","status-publish","hentry"],"_links":{"self":[{"href":"https:\/\/triplexvermelho.praxis.pro.br\/index.php\/wp-json\/wp\/v2\/pages\/427","targetHints":{"allow":["GET"]}}],"collection":[{"href":"https:\/\/triplexvermelho.praxis.pro.br\/index.php\/wp-json\/wp\/v2\/pages"}],"about":[{"href":"https:\/\/triplexvermelho.praxis.pro.br\/index.php\/wp-json\/wp\/v2\/types\/page"}],"author":[{"embeddable":true,"href":"https:\/\/triplexvermelho.praxis.pro.br\/index.php\/wp-json\/wp\/v2\/users\/1"}],"replies":[{"embeddable":true,"href":"https:\/\/triplexvermelho.praxis.pro.br\/index.php\/wp-json\/wp\/v2\/comments?post=427"}],"version-history":[{"count":1,"href":"https:\/\/triplexvermelho.praxis.pro.br\/index.php\/wp-json\/wp\/v2\/pages\/427\/revisions"}],"predecessor-version":[{"id":428,"href":"https:\/\/triplexvermelho.praxis.pro.br\/index.php\/wp-json\/wp\/v2\/pages\/427\/revisions\/428"}],"wp:attachment":[{"href":"https:\/\/triplexvermelho.praxis.pro.br\/index.php\/wp-json\/wp\/v2\/media?parent=427"}],"curies":[{"name":"wp","href":"https:\/\/api.w.org\/{rel}","templated":true}]}}