{"id":282,"date":"2023-02-17T19:45:40","date_gmt":"2023-02-17T22:45:40","guid":{"rendered":"https:\/\/triplexvermelho.praxis.pro.br\/?page_id=282"},"modified":"2023-05-15T09:54:08","modified_gmt":"2023-05-15T12:54:08","slug":"sala-tatatxi-ywa-rete","status":"publish","type":"page","link":"https:\/\/triplexvermelho.praxis.pro.br\/index.php\/sala-tatatxi-ywa-rete\/","title":{"rendered":"Sala &#8220;Tat\u00e3txi Ywa Rete&#8221;"},"content":{"rendered":"<p><img loading=\"lazy\" decoding=\"async\" class=\"alignnone wp-image-574 size-large\" src=\"https:\/\/triplexvermelho.praxis.pro.br\/wp-content\/uploads\/2023\/05\/WhatsApp-Image-2023-05-13-at-12.10.05-683x1024.jpeg\" alt=\"\" width=\"683\" height=\"1024\" srcset=\"https:\/\/triplexvermelho.praxis.pro.br\/wp-content\/uploads\/2023\/05\/WhatsApp-Image-2023-05-13-at-12.10.05-683x1024.jpeg 683w, https:\/\/triplexvermelho.praxis.pro.br\/wp-content\/uploads\/2023\/05\/WhatsApp-Image-2023-05-13-at-12.10.05-200x300.jpeg 200w, https:\/\/triplexvermelho.praxis.pro.br\/wp-content\/uploads\/2023\/05\/WhatsApp-Image-2023-05-13-at-12.10.05-768x1152.jpeg 768w, https:\/\/triplexvermelho.praxis.pro.br\/wp-content\/uploads\/2023\/05\/WhatsApp-Image-2023-05-13-at-12.10.05-1024x1536.jpeg 1024w, https:\/\/triplexvermelho.praxis.pro.br\/wp-content\/uploads\/2023\/05\/WhatsApp-Image-2023-05-13-at-12.10.05.jpeg 1067w\" sizes=\"auto, (max-width: 683px) 100vw, 683px\" \/><\/p>\n<p>Tat\u00e3txi Ywa Rete, a xam\u00e3 Guarani, fundadora das aldeias em Aracruz-ES, foi considerada a detentora da mem\u00f3ria e das tradi\u00e7\u00f5es ancestrais, mostrando-nos os costumes do seu povo como necess\u00e1rios para a resist\u00eancia da sua cultura.<\/p>\n<p>Os Guarani Mbya estabeleceram-se no munic\u00edpio de Aracruz ap\u00f3s a realiza\u00e7\u00e3o de uma longa caminhada, denominada por eles como oguata por\u00e3, que partiu do Rio Grande do Sul, por volta de 1940, chegando ao estado em meados de 1960. Oguata por\u00e3 pode ser entendido como o caminho sagrado percorrido pelos Guarani em busca da Terra sem Males, yvy maraey. A Terra sem Males seria uma esp\u00e9cie de para\u00edso m\u00edtico, onde o milho cresce com fartura, a ca\u00e7a existe em abund\u00e2ncia, os homens tornam-se deuses.<\/p>\n<p>A fam\u00edlia de Tat\u00e3txi, composta por lideran\u00e7as espirituais que j\u00e1 havia se deslocado de Pindovy, no Paraguai, em dire\u00e7\u00e3o \u00e0 Argentina, na regi\u00e3o de Santa Maria, e por l\u00e1 permaneceram num per\u00edodo de aproximadamente seis a sete anos. Por volta de 1940, ap\u00f3s a morte de um parente, o grupo decidiu mudar-se para o Rio Grande do Sul, passando por Porto Xavier e S\u00e3o Miguel.<\/p>\n<p>A xam\u00e3 Tat\u00e3txi Ywa Ret\u00e9 liderou o grupo dos Mbya for\u00e7ados a retirarem-se de suas terras no Rio Grande do Sul, devido ao conflito com fazendeiros locais que desejavam se apropriar de suas \u00e1reas para o plantio de erva-mate.<\/p>\n<p>De l\u00e1, ent\u00e3o, partiram para S\u00e3o Paulo, na aldeia de Rio Branco, onde permaneceram por cinco anos. Seguiram para a aldeia de Itariri, Rio Comprido, Rio Silveira e Ubatuba. Formaram a aldeia de Boa Vista, ainda em S\u00e3o Paulo. Percorreram Parati Mirim, no Rio de Janeiro, at\u00e9 chegar ao Esp\u00edrito Santo. No estado, passaram pelos munic\u00edpios de Guarapari, Vit\u00f3ria e, em 1967, se estabeleceram em Caieiras Velhas, regi\u00e3o de Aracruz. A regi\u00e3o de Caieiras Velhas foi escolhida pelos Guarani por acreditarem que esta \u00e1rea reunia condi\u00e7\u00f5es essenciais para viver no tekoa, local apropriado \u00e0 vida guarani, como a exist\u00eancia de Mata Atl\u00e2ntica, a proximidade em rela\u00e7\u00e3o ao mar e a localiza\u00e7\u00e3o a leste.<\/p>\n","protected":false},"excerpt":{"rendered":"<p>Tat\u00e3txi Ywa Rete, a xam\u00e3 Guarani, fundadora das aldeias em Aracruz-ES, foi considerada a detentora da mem\u00f3ria e das tradi\u00e7\u00f5es ancestrais, mostrando-nos os costumes do seu povo como necess\u00e1rios para a resist\u00eancia da sua cultura. Os Guarani Mbya estabeleceram-se no munic\u00edpio de Aracruz ap\u00f3s a realiza\u00e7\u00e3o de uma longa caminhada, denominada por eles como oguata <a class=\"more-link\" href=\"https:\/\/triplexvermelho.praxis.pro.br\/index.php\/sala-tatatxi-ywa-rete\/\">Leia mais&#8230; &raquo;<\/a><\/p>\n","protected":false},"author":1,"featured_media":0,"parent":0,"menu_order":0,"comment_status":"closed","ping_status":"closed","template":"","meta":{"footnotes":""},"class_list":["post-282","page","type-page","status-publish","hentry"],"_links":{"self":[{"href":"https:\/\/triplexvermelho.praxis.pro.br\/index.php\/wp-json\/wp\/v2\/pages\/282","targetHints":{"allow":["GET"]}}],"collection":[{"href":"https:\/\/triplexvermelho.praxis.pro.br\/index.php\/wp-json\/wp\/v2\/pages"}],"about":[{"href":"https:\/\/triplexvermelho.praxis.pro.br\/index.php\/wp-json\/wp\/v2\/types\/page"}],"author":[{"embeddable":true,"href":"https:\/\/triplexvermelho.praxis.pro.br\/index.php\/wp-json\/wp\/v2\/users\/1"}],"replies":[{"embeddable":true,"href":"https:\/\/triplexvermelho.praxis.pro.br\/index.php\/wp-json\/wp\/v2\/comments?post=282"}],"version-history":[{"count":9,"href":"https:\/\/triplexvermelho.praxis.pro.br\/index.php\/wp-json\/wp\/v2\/pages\/282\/revisions"}],"predecessor-version":[{"id":577,"href":"https:\/\/triplexvermelho.praxis.pro.br\/index.php\/wp-json\/wp\/v2\/pages\/282\/revisions\/577"}],"wp:attachment":[{"href":"https:\/\/triplexvermelho.praxis.pro.br\/index.php\/wp-json\/wp\/v2\/media?parent=282"}],"curies":[{"name":"wp","href":"https:\/\/api.w.org\/{rel}","templated":true}]}}

Sala &#8220;Tatãtxi Ywa Rete&#8221;

<p><img loading="lazy" decoding="async" class="alignnone wp-image-574 size-large" src="https://triplexvermelho.praxis.pro.br/wp-content/uploads/2023/05/WhatsApp-Image-2023-05-13-at-12.10.05-683x1024.jpeg" alt="" width="683" height="1024" srcset="https://triplexvermelho.praxis.pro.br/wp-content/uploads/2023/05/WhatsApp-Image-2023-05-13-at-12.10.05-683x1024.jpeg 683w, https://triplexvermelho.praxis.pro.br/wp-content/uploads/2023/05/WhatsApp-Image-2023-05-13-at-12.10.05-200x300.jpeg 200w, https://triplexvermelho.praxis.pro.br/wp-content/uploads/2023/05/WhatsApp-Image-2023-05-13-at-12.10.05-768x1152.jpeg 768w, https://triplexvermelho.praxis.pro.br/wp-content/uploads/2023/05/WhatsApp-Image-2023-05-13-at-12.10.05-1024x1536.jpeg 1024w, https://triplexvermelho.praxis.pro.br/wp-content/uploads/2023/05/WhatsApp-Image-2023-05-13-at-12.10.05.jpeg 1067w" sizes="auto, (max-width: 683px) 100vw, 683px" /></p>
<p>Tatãtxi Ywa Rete, a xamã Guarani, fundadora das aldeias em Aracruz-ES, foi considerada a detentora da memória e das tradições ancestrais, mostrando-nos os costumes do seu povo como necessários para a resistência da sua cultura.</p>
<p>Os Guarani Mbya estabeleceram-se no município de Aracruz após a realização de uma longa caminhada, denominada por eles como oguata porã, que partiu do Rio Grande do Sul, por volta de 1940, chegando ao estado em meados de 1960. Oguata porã pode ser entendido como o caminho sagrado percorrido pelos Guarani em busca da Terra sem Males, yvy maraey. A Terra sem Males seria uma espécie de paraíso mítico, onde o milho cresce com fartura, a caça existe em abundância, os homens tornam-se deuses.</p>
<p>A família de Tatãtxi, composta por lideranças espirituais que já havia se deslocado de Pindovy, no Paraguai, em direção à Argentina, na região de Santa Maria, e por lá permaneceram num período de aproximadamente seis a sete anos. Por volta de 1940, após a morte de um parente, o grupo decidiu mudar-se para o Rio Grande do Sul, passando por Porto Xavier e São Miguel.</p>
<p>A xamã Tatãtxi Ywa Reté liderou o grupo dos Mbya forçados a retirarem-se de suas terras no Rio Grande do Sul, devido ao conflito com fazendeiros locais que desejavam se apropriar de suas áreas para o plantio de erva-mate.</p>
<p>De lá, então, partiram para São Paulo, na aldeia de Rio Branco, onde permaneceram por cinco anos. Seguiram para a aldeia de Itariri, Rio Comprido, Rio Silveira e Ubatuba. Formaram a aldeia de Boa Vista, ainda em São Paulo. Percorreram Parati Mirim, no Rio de Janeiro, até chegar ao Espírito Santo. No estado, passaram pelos municípios de Guarapari, Vitória e, em 1967, se estabeleceram em Caieiras Velhas, região de Aracruz. A região de Caieiras Velhas foi escolhida pelos Guarani por acreditarem que esta área reunia condições essenciais para viver no tekoa, local apropriado à vida guarani, como a existência de Mata Atlântica, a proximidade em relação ao mar e a localização a leste.</p>

<p>Tatãtxi Ywa Rete, a xamã Guarani, fundadora das aldeias em Aracruz-ES, foi considerada a detentora da memória e das tradições ancestrais, mostrando-nos os costumes do seu povo como necessários para a resistência da sua cultura. Os Guarani Mbya estabeleceram-se no município de Aracruz após a realização de uma longa caminhada, denominada por eles como oguata <a class="more-link" href="https://triplexvermelho.praxis.pro.br/index.php/sala-tatatxi-ywa-rete/">Leia mais&#8230; &raquo;</a></p>
